{"id":24,"date":"2024-06-05T09:31:50","date_gmt":"2024-06-05T07:31:50","guid":{"rendered":"https:\/\/okamimura.fr\/?page_id=24"},"modified":"2024-06-24T07:55:17","modified_gmt":"2024-06-24T05:55:17","slug":"le-jeu","status":"publish","type":"page","link":"https:\/\/okamimura.fr\/","title":{"rendered":"Le Jeu \u00e0 R\u00f4les cach\u00e9s"},"content":{"rendered":"\n<p>Par Remi B. et James R.<br><br><strong>Type de jeu :<\/strong> Jeu \u00e0 r\u00f4le cach\u00e9 et de d\u00e9duction sociale.<br><\/p>\n","protected":false},"excerpt":{"rendered":"<p>Par Remi B. et James R. Type de jeu : Jeu \u00e0 r\u00f4le cach\u00e9 et de d\u00e9duction sociale.<\/p>\n","protected":false},"author":1,"featured_media":0,"parent":0,"menu_order":0,"comment_status":"closed","ping_status":"closed","template":"blank","meta":{"om_disable_all_campaigns":false,"_monsterinsights_skip_tracking":false,"_monsterinsights_sitenote_active":false,"_monsterinsights_sitenote_note":"","_monsterinsights_sitenote_category":0,"_price":"","_stock":"","_tribe_ticket_header":"","_tribe_default_ticket_provider":"","_ticket_start_date":"","_ticket_end_date":"","_tribe_ticket_show_description":"","_tribe_ticket_show_not_going":false,"_tribe_ticket_use_global_stock":"","_tribe_ticket_global_stock_level":"","_global_stock_mode":"","_global_stock_cap":"","_tribe_rsvp_for_event":"","_tribe_ticket_going_count":"","_tribe_ticket_not_going_count":"","_tribe_tickets_list":"[]","_tribe_ticket_has_attendee_info_fields":false,"_EventAllDay":false,"_EventTimezone":"","_EventStartDate":"","_EventEndDate":"","_EventStartDateUTC":"","_EventEndDateUTC":"","_EventShowMap":false,"_EventShowMapLink":false,"_EventURL":"","_EventCost":"","_EventCostDescription":"","_EventCurrencySymbol":"","_EventCurrencyCode":"","_EventCurrencyPosition":"","_EventDateTimeSeparator":"","_EventTimeRangeSeparator":"","_EventOrganizerID":[],"_EventVenueID":[],"_OrganizerEmail":"","_OrganizerPhone":"","_OrganizerWebsite":"","_VenueAddress":"","_VenueCity":"","_VenueCountry":"","_VenueProvince":"","_VenueState":"","_VenueZip":"","_VenuePhone":"","_VenueURL":"","_VenueStateProvince":"","_VenueLat":"","_VenueLng":"","_VenueShowMap":false,"_VenueShowMapLink":false,"footnotes":"","_tec_slr_enabled":"","_tec_slr_layout":""},"class_list":["post-24","page","type-page","status-publish","hentry"],"yoast_head":"<!-- This site is optimized with the Yoast SEO plugin v27.1.1 - https:\/\/yoast.com\/product\/yoast-seo-wordpress\/ -->\n<title>Le Jeu \u00e0 R\u00f4les cach\u00e9s - Okamimura<\/title>\n<meta name=\"description\" content=\"okamimura fr\" \/>\n<meta name=\"robots\" content=\"index, follow, max-snippet:-1, max-image-preview:large, max-video-preview:-1\" \/>\n<link rel=\"canonical\" href=\"https:\/\/okamimura.fr\/\" \/>\n<meta property=\"og:locale\" content=\"en_US\" \/>\n<meta property=\"og:type\" content=\"article\" \/>\n<meta property=\"og:title\" content=\"Le Jeu \u00e0 R\u00f4les cach\u00e9s - Okamimura\" \/>\n<meta property=\"og:description\" content=\"okamimura fr\" \/>\n<meta property=\"og:url\" content=\"https:\/\/okamimura.fr\/\" \/>\n<meta property=\"og:site_name\" content=\"Okamimura\" \/>\n<meta property=\"article:modified_time\" content=\"2024-06-24T05:55:17+00:00\" \/>\n<meta name=\"twitter:card\" content=\"summary_large_image\" \/>\n<meta name=\"twitter:label1\" content=\"Est. reading time\" \/>\n\t<meta name=\"twitter:data1\" content=\"1 minute\" \/>\n<script type=\"application\/ld+json\" class=\"yoast-schema-graph\">{\"@context\":\"https:\/\/schema.org\",\"@graph\":[{\"@type\":\"WebPage\",\"@id\":\"https:\/\/okamimura.fr\/\",\"url\":\"https:\/\/okamimura.fr\/\",\"name\":\"Le Jeu \u00e0 R\u00f4les cach\u00e9s - Okamimura\",\"isPartOf\":{\"@id\":\"https:\/\/okamimura.fr\/#website\"},\"datePublished\":\"2024-06-05T07:31:50+00:00\",\"dateModified\":\"2024-06-24T05:55:17+00:00\",\"description\":\"okamimura fr\",\"breadcrumb\":{\"@id\":\"https:\/\/okamimura.fr\/#breadcrumb\"},\"inLanguage\":\"en-US\",\"potentialAction\":[{\"@type\":\"ReadAction\",\"target\":[\"https:\/\/okamimura.fr\/\"]}]},{\"@type\":\"BreadcrumbList\",\"@id\":\"https:\/\/okamimura.fr\/#breadcrumb\",\"itemListElement\":[{\"@type\":\"ListItem\",\"position\":1,\"name\":\"Accueil\",\"item\":\"https:\/\/okamimura.fr\/\"},{\"@type\":\"ListItem\",\"position\":2,\"name\":\"Le Jeu \u00e0 R\u00f4les cach\u00e9s\"}]},{\"@type\":\"WebSite\",\"@id\":\"https:\/\/okamimura.fr\/#website\",\"url\":\"https:\/\/okamimura.fr\/\",\"name\":\"Okamimura\",\"description\":\"Je peux pas j&#039;enqu\u00eate !\",\"potentialAction\":[{\"@type\":\"SearchAction\",\"target\":{\"@type\":\"EntryPoint\",\"urlTemplate\":\"https:\/\/okamimura.fr\/?s={search_term_string}\"},\"query-input\":{\"@type\":\"PropertyValueSpecification\",\"valueRequired\":true,\"valueName\":\"search_term_string\"}}],\"inLanguage\":\"en-US\"}]}<\/script>\n<!-- \/ Yoast SEO plugin. -->","yoast_head_json":{"title":"Le Jeu \u00e0 R\u00f4les cach\u00e9s - Okamimura","description":"okamimura fr","robots":{"index":"index","follow":"follow","max-snippet":"max-snippet:-1","max-image-preview":"max-image-preview:large","max-video-preview":"max-video-preview:-1"},"canonical":"https:\/\/okamimura.fr\/","og_locale":"en_US","og_type":"article","og_title":"Le Jeu \u00e0 R\u00f4les cach\u00e9s - Okamimura","og_description":"okamimura fr","og_url":"https:\/\/okamimura.fr\/","og_site_name":"Okamimura","article_modified_time":"2024-06-24T05:55:17+00:00","twitter_card":"summary_large_image","twitter_misc":{"Est. reading time":"1 minute"},"schema":{"@context":"https:\/\/schema.org","@graph":[{"@type":"WebPage","@id":"https:\/\/okamimura.fr\/","url":"https:\/\/okamimura.fr\/","name":"Le Jeu \u00e0 R\u00f4les cach\u00e9s - Okamimura","isPartOf":{"@id":"https:\/\/okamimura.fr\/#website"},"datePublished":"2024-06-05T07:31:50+00:00","dateModified":"2024-06-24T05:55:17+00:00","description":"okamimura fr","breadcrumb":{"@id":"https:\/\/okamimura.fr\/#breadcrumb"},"inLanguage":"en-US","potentialAction":[{"@type":"ReadAction","target":["https:\/\/okamimura.fr\/"]}]},{"@type":"BreadcrumbList","@id":"https:\/\/okamimura.fr\/#breadcrumb","itemListElement":[{"@type":"ListItem","position":1,"name":"Accueil","item":"https:\/\/okamimura.fr\/"},{"@type":"ListItem","position":2,"name":"Le Jeu \u00e0 R\u00f4les cach\u00e9s"}]},{"@type":"WebSite","@id":"https:\/\/okamimura.fr\/#website","url":"https:\/\/okamimura.fr\/","name":"Okamimura","description":"Je peux pas j&#039;enqu\u00eate !","potentialAction":[{"@type":"SearchAction","target":{"@type":"EntryPoint","urlTemplate":"https:\/\/okamimura.fr\/?s={search_term_string}"},"query-input":{"@type":"PropertyValueSpecification","valueRequired":true,"valueName":"search_term_string"}}],"inLanguage":"en-US"}]}},"ticketed":false,"_links":{"self":[{"href":"https:\/\/okamimura.fr\/index.php\/wp-json\/wp\/v2\/pages\/24","targetHints":{"allow":["GET"]}}],"collection":[{"href":"https:\/\/okamimura.fr\/index.php\/wp-json\/wp\/v2\/pages"}],"about":[{"href":"https:\/\/okamimura.fr\/index.php\/wp-json\/wp\/v2\/types\/page"}],"author":[{"embeddable":true,"href":"https:\/\/okamimura.fr\/index.php\/wp-json\/wp\/v2\/users\/1"}],"replies":[{"embeddable":true,"href":"https:\/\/okamimura.fr\/index.php\/wp-json\/wp\/v2\/comments?post=24"}],"version-history":[{"count":3,"href":"https:\/\/okamimura.fr\/index.php\/wp-json\/wp\/v2\/pages\/24\/revisions"}],"predecessor-version":[{"id":151,"href":"https:\/\/okamimura.fr\/index.php\/wp-json\/wp\/v2\/pages\/24\/revisions\/151"}],"wp:attachment":[{"href":"https:\/\/okamimura.fr\/index.php\/wp-json\/wp\/v2\/media?parent=24"}],"curies":[{"name":"wp","href":"https:\/\/api.w.org\/{rel}","templated":true}]}}