{"id":34,"date":"2024-06-05T10:22:34","date_gmt":"2024-06-05T08:22:34","guid":{"rendered":"https:\/\/okamimura.fr\/?page_id=34"},"modified":"2026-02-25T10:33:56","modified_gmt":"2026-02-25T09:33:56","slug":"les-effets","status":"publish","type":"page","link":"https:\/\/okamimura.fr\/index.php\/les-regles\/les-effets\/","title":{"rendered":"Les Statuts"},"content":{"rendered":"\n<p class=\"has-text-align-center\"><strong>Statuts des joueurs :<\/strong><\/p>\n\n\n\n<p><\/p>\n\n\n\n<p>Sauf contre-indication sp\u00e9cifique d&#8217;un personnage. Le statut ne fonctionne que pour la phase obscure.<\/p>\n\n\n\n<p>Tous les statuts s&#8217;appliquent simultan\u00e9ment en cas de conflit, on respecte la priorit\u00e9 suivante :<br>Prot\u00e9g\u00e9 &gt; Entrav\u00e9 &gt; Ivre &gt; Charm\u00e9 &gt; Recrut\u00e9 &gt; Amoureux &gt;Amant &gt; Fratrie &gt; Rivaux &gt; Mourant<\/p>\n\n\n\n<p><strong>Amoureux :<\/strong> Si un joueur amoureux meurt, son partenaire amoureux meurt \u00e9galement.<br>Les amoureux ne peuvent pas \u00eatre tiss\u00e9s par la Tisseuse.<\/p>\n\n\n\n<p>\ud83d\udca7 <strong>Amant :<\/strong> Si le joueur meurt la personne qui lui a attribu\u00e9 ce statut meurt avec. Attention cela marche dans un seul sens. Si la personne qui met le statut amant meurt, le joueur victime du statut.<\/p>\n\n\n\n<p><strong>Arm\u00e9 <\/strong>: Le joueur obtient une arme pour une phase obscure et peut tuer un autre joueur avec.<\/p>\n\n\n\n<p>\ud83d\udca7 <strong>Charm\u00e9 <\/strong>: Le pouvoir du joueur avantage le camp de la personne qui lui a attribu\u00e9 ce statut.<br>Exemple :  La gardienne est charm\u00e9, Si la gardienne prot\u00e8ge le num\u00e9ro 5. Et que le num\u00e9ro 10 ( Qui est dans le m\u00eame camp que le r\u00f4le qui a charm\u00e9 la gardienne) doit mourir. Alors la protection sera d\u00e9plac\u00e9 vers le num\u00e9ro 10. <\/p>\n\n\n\n<p><strong>Rivaux :<\/strong> Les joueurs rivaux se connaissent \u00e0 la mise en place. A la fin de la partie si au moins deux rivaux sont encore en vie, les joueurs rivaux perdent la partie m\u00eame si leurs camps gagnent. <\/p>\n\n\n\n<p><strong>Fratrie :<\/strong> D\u00e8s qu&#8217;un membre de la fratrie meurt, les autres tuent ensemble un joueur qu&#8217;ils d\u00e9signent. <\/p>\n\n\n\n<p><strong>Alcoolis\u00e9 :<\/strong> Le pouvoir du joueur est bloqu\u00e9, les r\u00f4les d&#8217;informations ont une information al\u00e9atoire.<\/p>\n\n\n\n<p><strong>Alcoolis\u00e9 :<\/strong> La personne meurt \u00e0 la phase de r\u00e9solution.<\/p>\n\n\n\n<p><strong>Prot\u00e9g\u00e9 :<\/strong>  Le r\u00f4le est immunis\u00e9 \u00e0 tout effet n\u00e9faste. <\/p>\n\n\n\n<p><strong>Entrav\u00e9 : <\/strong>Le pouvoir du joueur est bloqu\u00e9.<\/p>\n\n\n\n<p><strong>Tiss\u00e9 : <\/strong>Les joueurs avec le statut tiss\u00e9, sont li\u00e9s, sans se reconnaitre. Si l&#8217;un meurt, tous les tiss\u00e9s meurent. <\/p>\n\n\n\n<p><strong>Recrut\u00e9: <\/strong>Le joueur recrut\u00e9, change de camp, il rejoint le camp du joueur qu&#8217;il l&#8217;a recrut\u00e9. <em><sub>Note : Le joueur recrut\u00e9 garde son camp apr\u00e8s la mort. Donc m\u00eame si il est convertie par les pirates et ressuscite il restera dans le camps des pirates.<\/sub><\/em><br><\/p>\n\n\n\n<ol class=\"wp-block-list\">\n<li><\/li>\n<\/ol>\n","protected":false},"excerpt":{"rendered":"<p>Statuts des joueurs : Sauf contre-indication sp\u00e9cifique d&#8217;un personnage. Le statut ne fonctionne que pour la phase obscure. Tous les statuts s&#8217;appliquent simultan\u00e9ment en cas de conflit, on respecte la [&hellip;]<\/p>\n","protected":false},"author":1,"featured_media":0,"parent":36,"menu_order":0,"comment_status":"closed","ping_status":"closed","template":"","meta":{"om_disable_all_campaigns":false,"_monsterinsights_skip_tracking":false,"_monsterinsights_sitenote_active":false,"_monsterinsights_sitenote_note":"","_monsterinsights_sitenote_category":0,"_price":"","_stock":"","_tribe_ticket_header":"","_tribe_default_ticket_provider":"","_ticket_start_date":"","_ticket_end_date":"","_tribe_ticket_show_description":"","_tribe_ticket_show_not_going":false,"_tribe_ticket_use_global_stock":"","_tribe_ticket_global_stock_level":"","_global_stock_mode":"","_global_stock_cap":"","_tribe_rsvp_for_event":"","_tribe_ticket_going_count":"","_tribe_ticket_not_going_count":"","_tribe_tickets_list":"[]","_tribe_ticket_has_attendee_info_fields":false,"_EventAllDay":false,"_EventTimezone":"","_EventStartDate":"","_EventEndDate":"","_EventStartDateUTC":"","_EventEndDateUTC":"","_EventShowMap":false,"_EventShowMapLink":false,"_EventURL":"","_EventCost":"","_EventCostDescription":"","_EventCurrencySymbol":"","_EventCurrencyCode":"","_EventCurrencyPosition":"","_EventDateTimeSeparator":"","_EventTimeRangeSeparator":"","_EventOrganizerID":[],"_EventVenueID":[],"_OrganizerEmail":"","_OrganizerPhone":"","_OrganizerWebsite":"","_VenueAddress":"","_VenueCity":"","_VenueCountry":"","_VenueProvince":"","_VenueState":"","_VenueZip":"","_VenuePhone":"","_VenueURL":"","_VenueStateProvince":"","_VenueLat":"","_VenueLng":"","_VenueShowMap":false,"_VenueShowMapLink":false,"footnotes":"","_tec_slr_enabled":"","_tec_slr_layout":""},"class_list":["post-34","page","type-page","status-publish","hentry"],"yoast_head":"<!-- This site is optimized with the Yoast SEO plugin v27.1.1 - https:\/\/yoast.com\/product\/yoast-seo-wordpress\/ -->\n<title>Les Statuts - Okamimura<\/title>\n<meta name=\"robots\" content=\"index, follow, max-snippet:-1, max-image-preview:large, max-video-preview:-1\" \/>\n<link rel=\"canonical\" href=\"https:\/\/okamimura.fr\/index.php\/les-regles\/les-effets\/\" \/>\n<meta property=\"og:locale\" content=\"en_US\" \/>\n<meta property=\"og:type\" content=\"article\" \/>\n<meta property=\"og:title\" content=\"Les Statuts - Okamimura\" \/>\n<meta property=\"og:description\" content=\"Statuts des joueurs : Sauf contre-indication sp\u00e9cifique d&#8217;un personnage. Le statut ne fonctionne que pour la phase obscure. Tous les statuts s&#8217;appliquent simultan\u00e9ment en cas de conflit, on respecte la [&hellip;]\" \/>\n<meta property=\"og:url\" content=\"https:\/\/okamimura.fr\/index.php\/les-regles\/les-effets\/\" \/>\n<meta property=\"og:site_name\" content=\"Okamimura\" \/>\n<meta property=\"article:modified_time\" content=\"2026-02-25T09:33:56+00:00\" \/>\n<meta name=\"twitter:card\" content=\"summary_large_image\" \/>\n<meta name=\"twitter:label1\" content=\"Est. reading time\" \/>\n\t<meta name=\"twitter:data1\" content=\"2 minutes\" \/>\n<script type=\"application\/ld+json\" class=\"yoast-schema-graph\">{\"@context\":\"https:\/\/schema.org\",\"@graph\":[{\"@type\":\"WebPage\",\"@id\":\"https:\/\/okamimura.fr\/index.php\/les-regles\/les-effets\/\",\"url\":\"https:\/\/okamimura.fr\/index.php\/les-regles\/les-effets\/\",\"name\":\"Les Statuts - Okamimura\",\"isPartOf\":{\"@id\":\"https:\/\/okamimura.fr\/#website\"},\"datePublished\":\"2024-06-05T08:22:34+00:00\",\"dateModified\":\"2026-02-25T09:33:56+00:00\",\"breadcrumb\":{\"@id\":\"https:\/\/okamimura.fr\/index.php\/les-regles\/les-effets\/#breadcrumb\"},\"inLanguage\":\"en-US\",\"potentialAction\":[{\"@type\":\"ReadAction\",\"target\":[\"https:\/\/okamimura.fr\/index.php\/les-regles\/les-effets\/\"]}]},{\"@type\":\"BreadcrumbList\",\"@id\":\"https:\/\/okamimura.fr\/index.php\/les-regles\/les-effets\/#breadcrumb\",\"itemListElement\":[{\"@type\":\"ListItem\",\"position\":1,\"name\":\"Accueil\",\"item\":\"https:\/\/okamimura.fr\/\"},{\"@type\":\"ListItem\",\"position\":2,\"name\":\"Les R\u00e8gles\",\"item\":\"https:\/\/okamimura.fr\/index.php\/les-regles\/\"},{\"@type\":\"ListItem\",\"position\":3,\"name\":\"Les Statuts\"}]},{\"@type\":\"WebSite\",\"@id\":\"https:\/\/okamimura.fr\/#website\",\"url\":\"https:\/\/okamimura.fr\/\",\"name\":\"Okamimura\",\"description\":\"Je peux pas j&#039;enqu\u00eate !\",\"potentialAction\":[{\"@type\":\"SearchAction\",\"target\":{\"@type\":\"EntryPoint\",\"urlTemplate\":\"https:\/\/okamimura.fr\/?s={search_term_string}\"},\"query-input\":{\"@type\":\"PropertyValueSpecification\",\"valueRequired\":true,\"valueName\":\"search_term_string\"}}],\"inLanguage\":\"en-US\"}]}<\/script>\n<!-- \/ Yoast SEO plugin. -->","yoast_head_json":{"title":"Les Statuts - Okamimura","robots":{"index":"index","follow":"follow","max-snippet":"max-snippet:-1","max-image-preview":"max-image-preview:large","max-video-preview":"max-video-preview:-1"},"canonical":"https:\/\/okamimura.fr\/index.php\/les-regles\/les-effets\/","og_locale":"en_US","og_type":"article","og_title":"Les Statuts - Okamimura","og_description":"Statuts des joueurs : Sauf contre-indication sp\u00e9cifique d&#8217;un personnage. Le statut ne fonctionne que pour la phase obscure. Tous les statuts s&#8217;appliquent simultan\u00e9ment en cas de conflit, on respecte la [&hellip;]","og_url":"https:\/\/okamimura.fr\/index.php\/les-regles\/les-effets\/","og_site_name":"Okamimura","article_modified_time":"2026-02-25T09:33:56+00:00","twitter_card":"summary_large_image","twitter_misc":{"Est. reading time":"2 minutes"},"schema":{"@context":"https:\/\/schema.org","@graph":[{"@type":"WebPage","@id":"https:\/\/okamimura.fr\/index.php\/les-regles\/les-effets\/","url":"https:\/\/okamimura.fr\/index.php\/les-regles\/les-effets\/","name":"Les Statuts - Okamimura","isPartOf":{"@id":"https:\/\/okamimura.fr\/#website"},"datePublished":"2024-06-05T08:22:34+00:00","dateModified":"2026-02-25T09:33:56+00:00","breadcrumb":{"@id":"https:\/\/okamimura.fr\/index.php\/les-regles\/les-effets\/#breadcrumb"},"inLanguage":"en-US","potentialAction":[{"@type":"ReadAction","target":["https:\/\/okamimura.fr\/index.php\/les-regles\/les-effets\/"]}]},{"@type":"BreadcrumbList","@id":"https:\/\/okamimura.fr\/index.php\/les-regles\/les-effets\/#breadcrumb","itemListElement":[{"@type":"ListItem","position":1,"name":"Accueil","item":"https:\/\/okamimura.fr\/"},{"@type":"ListItem","position":2,"name":"Les R\u00e8gles","item":"https:\/\/okamimura.fr\/index.php\/les-regles\/"},{"@type":"ListItem","position":3,"name":"Les Statuts"}]},{"@type":"WebSite","@id":"https:\/\/okamimura.fr\/#website","url":"https:\/\/okamimura.fr\/","name":"Okamimura","description":"Je peux pas j&#039;enqu\u00eate !","potentialAction":[{"@type":"SearchAction","target":{"@type":"EntryPoint","urlTemplate":"https:\/\/okamimura.fr\/?s={search_term_string}"},"query-input":{"@type":"PropertyValueSpecification","valueRequired":true,"valueName":"search_term_string"}}],"inLanguage":"en-US"}]}},"ticketed":false,"_links":{"self":[{"href":"https:\/\/okamimura.fr\/index.php\/wp-json\/wp\/v2\/pages\/34","targetHints":{"allow":["GET"]}}],"collection":[{"href":"https:\/\/okamimura.fr\/index.php\/wp-json\/wp\/v2\/pages"}],"about":[{"href":"https:\/\/okamimura.fr\/index.php\/wp-json\/wp\/v2\/types\/page"}],"author":[{"embeddable":true,"href":"https:\/\/okamimura.fr\/index.php\/wp-json\/wp\/v2\/users\/1"}],"replies":[{"embeddable":true,"href":"https:\/\/okamimura.fr\/index.php\/wp-json\/wp\/v2\/comments?post=34"}],"version-history":[{"count":19,"href":"https:\/\/okamimura.fr\/index.php\/wp-json\/wp\/v2\/pages\/34\/revisions"}],"predecessor-version":[{"id":540,"href":"https:\/\/okamimura.fr\/index.php\/wp-json\/wp\/v2\/pages\/34\/revisions\/540"}],"up":[{"embeddable":true,"href":"https:\/\/okamimura.fr\/index.php\/wp-json\/wp\/v2\/pages\/36"}],"wp:attachment":[{"href":"https:\/\/okamimura.fr\/index.php\/wp-json\/wp\/v2\/media?parent=34"}],"curies":[{"name":"wp","href":"https:\/\/api.w.org\/{rel}","templated":true}]}}